CRAN Package Check Results for Package mappp

Last updated on 2025-05-10 20:49:45 CEST.

Flavor Version Tinstall Tcheck Ttotal Status Flags
r-devel-linux-x86_64-debian-clang 1.0.0 1.25 18.77 20.02 OK
r-devel-linux-x86_64-debian-gcc 1.0.0 1.25 15.31 16.56 OK
r-devel-linux-x86_64-fedora-clang 1.0.0 33.31 NOTE
r-devel-linux-x86_64-fedora-gcc 1.0.0 31.94 NOTE
r-devel-windows-x86_64 1.0.0 4.00 44.00 48.00 OK
r-patched-linux-x86_64 1.0.0 1.68 18.02 19.70 OK
r-release-linux-x86_64 1.0.0 1.52 18.15 19.67 OK
r-release-macos-arm64 1.0.0 20.00 OK
r-release-macos-x86_64 1.0.0 32.00 OK
r-release-windows-x86_64 1.0.0 3.00 45.00 48.00 OK
r-oldrel-macos-arm64 1.0.0 21.00 OK
r-oldrel-macos-x86_64 1.0.0 25.00 OK
r-oldrel-windows-x86_64 1.0.0 3.00 49.00 52.00 OK

Additional issues

donttest

Check Details

Version: 1.0.0
Check: dependencies in R code
Result: NOTE Namespace in Imports field not imported from: ‘pbmcapply’ All declared Imports should be used. Flavors: r-devel-linux-x86_64-fedora-clang, r-devel-linux-x86_64-fedora-gcc