Last updated on 2024-05-13 04:55:29 CEST.
Flavor | Version | Tinstall | Tcheck | Ttotal | Status | Flags |
---|---|---|---|---|---|---|
r-devel-linux-x86_64-debian-clang | 2.1.0 | 31.52 | 528.16 | 559.68 | OK | |
r-devel-linux-x86_64-debian-gcc | 2.1.0 | 25.02 | 374.99 | 400.01 | OK | |
r-devel-linux-x86_64-fedora-clang | 2.1.0 | 662.47 | NOTE | |||
r-devel-linux-x86_64-fedora-gcc | 2.1.0 | 1069.01 | NOTE | |||
r-devel-windows-x86_64 | 2.1.0 | 24.00 | 393.00 | 417.00 | OK | |
r-patched-linux-x86_64 | 2.1.0 | 29.87 | 503.09 | 532.96 | OK | |
r-release-linux-x86_64 | 2.1.0 | 27.84 | 497.95 | 525.79 | OK | |
r-release-macos-arm64 | 2.1.0 | 276.00 | OK | |||
r-release-macos-x86_64 | 2.1.0 | 817.00 | OK | |||
r-release-windows-x86_64 | 2.1.0 | 24.00 | 395.00 | 419.00 | OK | |
r-oldrel-macos-arm64 | 2.1.0 | 241.00 | OK | |||
r-oldrel-macos-x86_64 | 2.1.0 | 789.00 | OK | |||
r-oldrel-windows-x86_64 | 2.1.0 | 33.00 | 485.00 | 518.00 | OK |
Version: 2.1.0
Check: data for non-ASCII characters
Result: NOTE
Note: found 1 marked UTF-8 string
Flavors: r-devel-linux-x86_64-fedora-clang, r-devel-linux-x86_64-fedora-gcc