Last updated on 2024-05-13 04:55:29 CEST.
Flavor | Version | Tinstall | Tcheck | Ttotal | Status | Flags |
---|---|---|---|---|---|---|
r-devel-linux-x86_64-debian-clang | 0.6.0 | 6.40 | 57.18 | 63.58 | NOTE | |
r-devel-linux-x86_64-debian-gcc | 0.6.0 | 4.03 | 42.21 | 46.24 | NOTE | |
r-devel-linux-x86_64-fedora-clang | 0.6.0 | 76.81 | NOTE | |||
r-devel-linux-x86_64-fedora-gcc | 0.6.0 | 128.64 | NOTE | |||
r-devel-windows-x86_64 | 0.6.0 | 7.00 | 62.00 | 69.00 | NOTE | |
r-patched-linux-x86_64 | 0.6.0 | 8.64 | 55.12 | 63.76 | NOTE | |
r-release-linux-x86_64 | 0.6.0 | 3.37 | 54.88 | 58.25 | NOTE | |
r-release-macos-arm64 | 0.6.0 | 27.00 | NOTE | |||
r-release-windows-x86_64 | 0.6.0 | 8.00 | 62.00 | 70.00 | NOTE | |
r-oldrel-macos-arm64 | 0.6.0 | 29.00 | NOTE | |||
r-oldrel-macos-x86_64 | 0.6.0 | 38.00 | NOTE | |||
r-oldrel-windows-x86_64 | 0.6.0 | 8.00 | 71.00 | 79.00 | NOTE |
Version: 0.6.0
Check: package subdirectories
Result: NOTE
Problems with news in ‘NEWS.md’:
Cannot extract version info from the following section titles:
Bug Fixes
Flavors: r-devel-linux-x86_64-debian-clang, r-devel-linux-x86_64-debian-gcc, r-devel-linux-x86_64-fedora-clang, r-devel-linux-x86_64-fedora-gcc, r-devel-windows-x86_64, r-patched-linux-x86_64, r-release-linux-x86_64, r-release-macos-arm64, r-release-windows-x86_64, r-oldrel-macos-arm64, r-oldrel-macos-x86_64, r-oldrel-windows-x86_64
Version: 0.6.0
Check: LazyData
Result: NOTE
'LazyData' is specified without a 'data' directory
Flavors: r-devel-linux-x86_64-debian-clang, r-devel-linux-x86_64-debian-gcc, r-devel-linux-x86_64-fedora-clang, r-devel-linux-x86_64-fedora-gcc, r-devel-windows-x86_64, r-patched-linux-x86_64, r-release-linux-x86_64, r-release-macos-arm64, r-release-windows-x86_64, r-oldrel-macos-arm64, r-oldrel-macos-x86_64, r-oldrel-windows-x86_64