Last updated on 2025-07-16 20:53:28 CEST.
Flavor | Version | Tinstall | Tcheck | Ttotal | Status | Flags |
---|---|---|---|---|---|---|
r-devel-linux-x86_64-debian-clang | 0.10.0 | 10.62 | 168.97 | 179.59 | NOTE | |
r-devel-linux-x86_64-debian-gcc | 0.10.0 | 8.12 | 113.88 | 122.00 | NOTE | |
r-devel-linux-x86_64-fedora-clang | 0.10.0 | 291.37 | NOTE | |||
r-devel-linux-x86_64-fedora-gcc | 0.10.0 | 249.55 | NOTE | |||
r-devel-windows-x86_64 | 0.10.0 | 12.00 | 186.00 | 198.00 | NOTE | |
r-patched-linux-x86_64 | 0.10.0 | 11.25 | 149.35 | 160.60 | NOTE | |
r-release-linux-x86_64 | 0.10.0 | 10.65 | 150.27 | 160.92 | NOTE | |
r-release-macos-arm64 | 0.10.0 | 75.00 | NOTE | |||
r-release-macos-x86_64 | 0.10.0 | 157.00 | OK | |||
r-release-windows-x86_64 | 0.10.0 | 11.00 | 226.00 | 237.00 | NOTE | |
r-oldrel-macos-arm64 | 0.10.0 | 76.00 | OK | |||
r-oldrel-macos-x86_64 | 0.10.0 | 112.00 | OK | |||
r-oldrel-windows-x86_64 | 0.10.0 | 17.00 | 225.00 | 242.00 | OK |
Version: 0.10.0
Check: DESCRIPTION meta-information
Result: NOTE
Missing dependency on R >= 4.1.0 because package code uses the pipe
|> or function shorthand \(...) syntax added in R 4.1.0.
File(s) using such syntax:
‘model_averaging.Rd’
Flavors: r-devel-linux-x86_64-debian-clang, r-devel-linux-x86_64-debian-gcc, r-devel-linux-x86_64-fedora-clang, r-devel-linux-x86_64-fedora-gcc, r-devel-windows-x86_64, r-patched-linux-x86_64, r-release-linux-x86_64, r-release-macos-arm64, r-release-windows-x86_64