Last updated on 2024-05-28 12:56:20 CEST.
Flavor | Version | Tinstall | Tcheck | Ttotal | Status | Flags |
---|---|---|---|---|---|---|
r-devel-linux-x86_64-debian-clang | 0.1.0 | 1.93 | 19.66 | 21.59 | OK | |
r-devel-linux-x86_64-debian-gcc | 0.1.0 | 1.62 | 15.39 | 17.01 | OK | |
r-devel-linux-x86_64-fedora-clang | 0.1.0 | 27.76 | NOTE | |||
r-devel-linux-x86_64-fedora-gcc | 0.1.0 | 26.89 | NOTE | |||
r-devel-windows-x86_64 | 0.1.0 | 5.00 | 34.00 | 39.00 | OK | |
r-patched-linux-x86_64 | 0.1.0 | 1.96 | 19.15 | 21.11 | OK | |
r-release-linux-x86_64 | 0.1.0 | 1.92 | 18.84 | 20.76 | OK | |
r-release-macos-arm64 | 0.1.0 | 14.00 | OK | |||
r-release-windows-x86_64 | 0.1.0 | 4.00 | 34.00 | 38.00 | OK | |
r-oldrel-macos-arm64 | 0.1.0 | 14.00 | OK | |||
r-oldrel-macos-x86_64 | 0.1.0 | 18.00 | OK | |||
r-oldrel-windows-x86_64 | 0.1.0 | 4.00 | 33.00 | 37.00 | OK |
Version: 0.1.0
Check: data for non-ASCII characters
Result: NOTE
Note: found 17524 marked UTF-8 strings
Flavors: r-devel-linux-x86_64-fedora-clang, r-devel-linux-x86_64-fedora-gcc