Last updated on 2025-05-10 16:52:32 CEST.
Flavor | Version | Tinstall | Tcheck | Ttotal | Status | Flags |
---|---|---|---|---|---|---|
r-devel-linux-x86_64-debian-clang | 1.2.2 | 17.52 | 154.33 | 171.85 | OK | |
r-devel-linux-x86_64-debian-gcc | 1.2.2 | 12.35 | 109.28 | 121.63 | OK | |
r-devel-linux-x86_64-fedora-clang | 1.2.2 | 254.26 | OK | |||
r-devel-linux-x86_64-fedora-gcc | 1.2.2 | 282.60 | OK | |||
r-devel-windows-x86_64 | 1.2.2 | 19.00 | 151.00 | 170.00 | OK | |
r-patched-linux-x86_64 | 1.2.2 | 16.20 | 144.38 | 160.58 | OK | |
r-release-linux-x86_64 | 1.2.2 | 17.53 | 143.64 | 161.17 | OK | |
r-release-macos-arm64 | 1.2.2 | 104.00 | OK | |||
r-release-macos-x86_64 | 1.2.2 | 160.00 | OK | |||
r-release-windows-x86_64 | 1.2.2 | 20.00 | 155.00 | 175.00 | OK | |
r-oldrel-macos-arm64 | 1.2.2 | 86.00 | NOTE | |||
r-oldrel-macos-x86_64 | 1.2.2 | 214.00 | NOTE | |||
r-oldrel-windows-x86_64 | 1.2.2 | 25.00 | 194.00 | 219.00 | OK |
Version: 1.2.2
Check: package dependencies
Result: NOTE
Package suggested but not available for checking: ‘INLA’
Flavors: r-oldrel-macos-arm64, r-oldrel-macos-x86_64
Version: 1.2.2
Check: Rd cross-references
Result: NOTE
Package unavailable to check Rd xrefs: ‘INLA’
Flavors: r-oldrel-macos-arm64, r-oldrel-macos-x86_64