Last updated on 2025-05-10 12:49:46 CEST.
Flavor | Version | Tinstall | Tcheck | Ttotal | Status | Flags |
---|---|---|---|---|---|---|
r-devel-linux-x86_64-debian-clang | 1.2.1 | 1.28 | 20.37 | 21.65 | NOTE | |
r-devel-linux-x86_64-debian-gcc | 1.2.1 | 1.17 | 16.82 | 17.99 | NOTE | |
r-devel-linux-x86_64-fedora-clang | 1.2.1 | 33.61 | OK | |||
r-devel-linux-x86_64-fedora-gcc | 1.2.1 | 32.94 | OK | |||
r-devel-windows-x86_64 | 1.2.1 | 2.00 | 45.00 | 47.00 | OK | |
r-patched-linux-x86_64 | 1.2.1 | 1.62 | 19.67 | 21.29 | OK | |
r-release-linux-x86_64 | 1.2.1 | 1.54 | 19.73 | 21.27 | OK | |
r-release-macos-arm64 | 1.2.1 | 16.00 | OK | |||
r-release-macos-x86_64 | 1.2.1 | 24.00 | OK | |||
r-release-windows-x86_64 | 1.2.1 | 3.00 | 62.00 | 65.00 | OK | |
r-oldrel-macos-arm64 | 1.2.1 | 15.00 | OK | |||
r-oldrel-macos-x86_64 | 1.2.1 | 21.00 | OK | |||
r-oldrel-windows-x86_64 | 1.2.1 | 2.00 | 39.00 | 41.00 | OK |
Version: 1.2.1
Check: CRAN incoming feasibility
Result: NOTE
Maintainer: ‘Doulaye Dembele <doulaye@igbmc.fr>’
No Authors@R field in DESCRIPTION.
Please add one, modifying
Authors@R: person(given = "Doulaye",
family = "Dembele",
role = c("aut", "cre"),
email = "doulaye@igbmc.fr")
as necessary.
Flavors: r-devel-linux-x86_64-debian-clang, r-devel-linux-x86_64-debian-gcc