CRAN Package Check Results for Package m2b

Last updated on 2025-05-10 16:52:32 CEST.

Flavor Version Tinstall Tcheck Ttotal Status Flags
r-devel-linux-x86_64-debian-clang 1.0 6.82 83.70 90.52 NOTE
r-devel-linux-x86_64-debian-gcc 1.0 4.86 59.16 64.02 NOTE
r-devel-linux-x86_64-fedora-clang 1.0 127.29 NOTE
r-devel-linux-x86_64-fedora-gcc 1.0 146.17 NOTE
r-devel-windows-x86_64 1.0 8.00 104.00 112.00 NOTE
r-patched-linux-x86_64 1.0 4.49 78.16 82.65 NOTE
r-release-linux-x86_64 1.0 4.79 77.63 82.42 NOTE
r-release-macos-arm64 1.0 46.00 NOTE
r-release-macos-x86_64 1.0 82.00 NOTE
r-release-windows-x86_64 1.0 8.00 109.00 117.00 NOTE
r-oldrel-macos-arm64 1.0 46.00 NOTE
r-oldrel-macos-x86_64 1.0 97.00 NOTE
r-oldrel-windows-x86_64 1.0 10.00 121.00 131.00 NOTE

Check Details

Version: 1.0
Check: Rd files
Result: NOTE checkRd: (-1) xytb-class.Rd:26: Lost braces; missing escapes or markup? 26 | v: \tab speed (m.s^{-1})\cr | ^ Flavors: r-devel-linux-x86_64-debian-clang, r-devel-linux-x86_64-debian-gcc, r-devel-linux-x86_64-fedora-clang, r-devel-linux-x86_64-fedora-gcc, r-devel-windows-x86_64, r-patched-linux-x86_64, r-release-linux-x86_64, r-release-macos-arm64, r-release-macos-x86_64, r-release-windows-x86_64, r-oldrel-macos-arm64, r-oldrel-macos-x86_64, r-oldrel-windows-x86_64

Version: 1.0
Check: Rd cross-references
Result: NOTE Found the following Rd file(s) with Rd \link{} targets missing package anchors: xytb-class.Rd: distVincentyEllipsoid Please provide package anchors for all Rd \link{} targets not in the package itself and the base packages. Flavors: r-devel-linux-x86_64-debian-clang, r-devel-linux-x86_64-debian-gcc, r-devel-windows-x86_64, r-patched-linux-x86_64, r-release-linux-x86_64, r-release-windows-x86_64

Version: 1.0
Check: dependencies in R code
Result: NOTE Namespaces in Imports field not imported from: ‘e1071’ ‘utils’ All declared Imports should be used. Flavors: r-devel-linux-x86_64-fedora-clang, r-devel-linux-x86_64-fedora-gcc