Last updated on 2025-05-10 20:49:45 CEST.
Flavor | Version | Tinstall | Tcheck | Ttotal | Status | Flags |
---|---|---|---|---|---|---|
r-devel-linux-x86_64-debian-clang | 0.5.0 | 13.92 | 447.53 | 461.45 | OK | |
r-devel-linux-x86_64-debian-gcc | 0.5.0 | 10.69 | 1023.94 | 1034.63 | OK | |
r-devel-linux-x86_64-fedora-clang | 0.5.0 | 786.81 | OK | |||
r-devel-linux-x86_64-fedora-gcc | 0.5.0 | 2102.68 | ERROR | |||
r-devel-windows-x86_64 | 0.5.0 | 15.00 | 388.00 | 403.00 | OK | |
r-patched-linux-x86_64 | 0.5.0 | 12.77 | 1834.95 | 1847.72 | OK | |
r-release-linux-x86_64 | 0.5.0 | 11.57 | 419.52 | 431.09 | OK | |
r-release-macos-arm64 | 0.5.0 | 150.00 | OK | |||
r-release-macos-x86_64 | 0.5.0 | 312.00 | OK | |||
r-release-windows-x86_64 | 0.5.0 | 16.00 | 400.00 | 416.00 | OK | |
r-oldrel-macos-arm64 | 0.5.0 | 149.00 | OK | |||
r-oldrel-macos-x86_64 | 0.5.0 | 252.00 | OK | |||
r-oldrel-windows-x86_64 | 0.5.0 | 20.00 | 556.00 | 576.00 | OK |
Version: 0.5.0
Check: re-building of vignette outputs
Result: ERROR
Error(s) in re-building vignettes:
--- re-building ‘lwqs-vignette.Rmd’ using rmarkdown
Quitting from lwqs-vignette.Rmd:170-188 [unnamed-chunk-7]
~~~~~~~~~~~~~~~~~~~~~~~~~~~~~~~~~~~~~~~~~~~~~~~~~~~~~~~~~~~~~~~~~~~~~~~~~~~~~~~~
<error/rlang_error>
Error:
! A future ('future_lapply-1') of class SequentialFuture was interrupted at 2025-05-09T13:56:42, while running on 'gannet.stats.ox.ac.uk' (pid 1501046)
---
Backtrace:
▆
1. └─lwqs::lwqs(...)
2. └─plyr::dlply(data, timevar, wqs_parameters)
3. └─plyr::llply(...)
4. ├─plyr:::loop_apply(n, do.ply)
5. └─plyr (local) `<fn>`(21L)
6. └─lwqs (local) .fun(piece, ...)
7. ├─base::do.call(gwqs, parms)
8. └─gWQS (local) `<fn>`(...)
9. └─future.apply::future_lapply(...)
10. └─future.apply:::future_xapply(...)
11. ├─future::value(fs)
12. └─future:::value.list(fs)
13. └─future (local) signalConditionsASAP(...)
14. └─future:::signalConditions(...)
~~~~~~~~~~~~~~~~~~~~~~~~~~~~~~~~~~~~~~~~~~~~~~~~~~~~~~~~~~~~~~~~~~~~~~~~~~~~~~~~
Error: processing vignette 'lwqs-vignette.Rmd' failed with diagnostics:
A future ('future_lapply-1') of class SequentialFuture was interrupted at 2025-05-09T13:56:42, while running on 'gannet.stats.ox.ac.uk' (pid 1501046)
--- failed re-building ‘lwqs-vignette.Rmd’
SUMMARY: processing the following file failed:
‘lwqs-vignette.Rmd’
Error: Vignette re-building failed.
Execution halted
Flavor: r-devel-linux-x86_64-fedora-gcc