Last updated on 2025-07-24 13:49:18 CEST.
Flavor | Version | Tinstall | Tcheck | Ttotal | Status | Flags |
---|---|---|---|---|---|---|
r-devel-linux-x86_64-debian-clang | 0.2.0 | 66.09 | 120.06 | 186.15 | NOTE | |
r-devel-linux-x86_64-debian-gcc | 0.2.0 | 43.89 | 93.81 | 137.70 | NOTE | |
r-devel-linux-x86_64-fedora-clang | 0.2.0 | 293.76 | NOTE | |||
r-devel-linux-x86_64-fedora-gcc | 0.2.0 | 274.88 | NOTE | |||
r-devel-windows-x86_64 | 0.2.0 | 72.00 | 138.00 | 210.00 | NOTE | |
r-patched-linux-x86_64 | 0.2.0 | 65.52 | 115.05 | 180.57 | NOTE | |
r-release-linux-x86_64 | 0.2.0 | 63.31 | 115.14 | 178.45 | NOTE | |
r-release-macos-arm64 | 0.2.0 | 78.00 | NOTE | |||
r-release-macos-x86_64 | 0.2.0 | 135.00 | NOTE | |||
r-release-windows-x86_64 | 0.2.0 | 73.00 | 149.00 | 222.00 | NOTE | |
r-oldrel-macos-arm64 | 0.2.0 | 69.00 | NOTE | |||
r-oldrel-macos-x86_64 | 0.2.0 | 99.00 | NOTE | |||
r-oldrel-windows-x86_64 | 0.2.0 | 86.00 | 165.00 | 251.00 | NOTE |
Version: 0.2.0
Check: C++ specification
Result: NOTE
Specified C++11: please drop specification unless essential
Flavors: r-devel-linux-x86_64-debian-clang, r-devel-linux-x86_64-debian-gcc, r-devel-linux-x86_64-fedora-clang, r-devel-linux-x86_64-fedora-gcc, r-devel-windows-x86_64, r-patched-linux-x86_64, r-release-linux-x86_64, r-release-macos-arm64, r-release-macos-x86_64, r-release-windows-x86_64, r-oldrel-macos-arm64, r-oldrel-macos-x86_64, r-oldrel-windows-x86_64
Version: 0.2.0
Check: installed package size
Result: NOTE
installed size is 6.0Mb
sub-directories of 1Mb or more:
data 2.1Mb
libs 3.7Mb
Flavors: r-oldrel-macos-arm64, r-oldrel-macos-x86_64