Last updated on 2025-07-28 13:49:38 CEST.
Flavor | Version | Tinstall | Tcheck | Ttotal | Status | Flags |
---|---|---|---|---|---|---|
r-devel-linux-x86_64-debian-clang | 1.2-0 | 17.77 | 120.66 | 138.43 | NOTE | |
r-devel-linux-x86_64-debian-gcc | 1.2-0 | 10.34 | 82.05 | 92.39 | NOTE | |
r-devel-linux-x86_64-fedora-clang | 1.2-0 | 212.56 | OK | |||
r-devel-linux-x86_64-fedora-gcc | 1.2-0 | 210.65 | OK | |||
r-devel-windows-x86_64 | 1.2-0 | 19.00 | 150.00 | 169.00 | OK | |
r-patched-linux-x86_64 | 1.2-0 | 16.91 | 112.46 | 129.37 | OK | |
r-release-linux-x86_64 | 1.2-0 | 15.63 | 111.09 | 126.72 | OK | |
r-release-macos-arm64 | 1.2-0 | 59.00 | OK | |||
r-release-macos-x86_64 | 1.2-0 | 123.00 | OK | |||
r-release-windows-x86_64 | 1.2-0 | 17.00 | 126.00 | 143.00 | OK | |
r-oldrel-macos-arm64 | 1.2-0 | 47.00 | OK | |||
r-oldrel-macos-x86_64 | 1.2-0 | 106.00 | OK | |||
r-oldrel-windows-x86_64 | 1.2-0 | 23.00 | 152.00 | 175.00 | OK |
Version: 1.2-0
Check: CRAN incoming feasibility
Result: NOTE
Maintainer: ‘Dimitris Rizopoulos <d.rizopoulos@erasmusmc.nl>’
No Authors@R field in DESCRIPTION.
Please add one, modifying
Authors@R: person(given = "Dimitris",
family = "Rizopoulos",
role = c("aut", "cre"),
email = "d.rizopoulos@erasmusmc.nl")
as necessary.
Package CITATION file contains call(s) to old-style personList() or
as.personList(). Please use c() on person objects instead.
Package CITATION file contains call(s) to old-style citEntry(). Please
use bibentry() instead.
Flavors: r-devel-linux-x86_64-debian-clang, r-devel-linux-x86_64-debian-gcc