CRAN Package Check Results for Package lss2

Last updated on 2025-07-24 20:49:29 CEST.

Flavor Version Tinstall Tcheck Ttotal Status Flags
r-devel-linux-x86_64-debian-clang 1.1 7.03 64.06 71.09 NOTE
r-devel-linux-x86_64-debian-gcc 1.1 5.12 50.12 55.24 NOTE
r-devel-linux-x86_64-fedora-clang 1.1 108.19 OK
r-devel-linux-x86_64-fedora-gcc 1.1 111.26 OK
r-devel-windows-x86_64 1.1 9.00 81.00 90.00 OK
r-patched-linux-x86_64 1.1 7.07 60.99 68.06 OK
r-release-linux-x86_64 1.1 7.16 61.20 68.36 OK
r-release-macos-arm64 1.1 37.00 OK
r-release-macos-x86_64 1.1 80.00 OK
r-release-windows-x86_64 1.1 7.00 84.00 91.00 OK
r-oldrel-macos-arm64 1.1 34.00 NOTE
r-oldrel-macos-x86_64 1.1 57.00 NOTE
r-oldrel-windows-x86_64 1.1 10.00 92.00 102.00 NOTE

Check Details

Version: 1.1
Check: CRAN incoming feasibility
Result: NOTE Maintainer: ‘Arvin Satwani <arvinsatwani@gmail.com>’ No Authors@R field in DESCRIPTION. Please add one, modifying Authors@R: c(person(given = "Zhezhen", family = "Jin", role = "aut", email = "zj7@columbia.edu"), person(given = "Arvin", family = "Satwani", role = c("aut", "cre"), email = "arvinsatwani@gmail.com")) as necessary. Flavors: r-devel-linux-x86_64-debian-clang, r-devel-linux-x86_64-debian-gcc

Version: 1.1
Check: LazyData
Result: NOTE 'LazyData' is specified without a 'data' directory Flavors: r-oldrel-macos-arm64, r-oldrel-macos-x86_64, r-oldrel-windows-x86_64