Last updated on 2025-05-10 20:49:44 CEST.
Flavor | Version | Tinstall | Tcheck | Ttotal | Status | Flags |
---|---|---|---|---|---|---|
r-devel-linux-x86_64-debian-clang | 0.1.4 | 10.10 | 114.23 | 124.33 | NOTE | |
r-devel-linux-x86_64-debian-gcc | 0.1.4 | 7.89 | 86.26 | 94.15 | NOTE | |
r-devel-linux-x86_64-fedora-clang | 0.1.4 | 206.61 | OK | |||
r-devel-linux-x86_64-fedora-gcc | 0.1.4 | 217.99 | OK | |||
r-devel-windows-x86_64 | 0.1.4 | 11.00 | 128.00 | 139.00 | NOTE | |
r-patched-linux-x86_64 | 0.1.4 | 9.67 | 108.84 | 118.51 | NOTE | |
r-release-linux-x86_64 | 0.1.4 | 9.32 | 108.53 | 117.85 | NOTE | |
r-release-macos-arm64 | 0.1.4 | 106.00 | OK | |||
r-release-macos-x86_64 | 0.1.4 | 155.00 | OK | |||
r-release-windows-x86_64 | 0.1.4 | 11.00 | 130.00 | 141.00 | NOTE | |
r-oldrel-macos-arm64 | 0.1.4 | 108.00 | OK | |||
r-oldrel-macos-x86_64 | 0.1.4 | 160.00 | OK | |||
r-oldrel-windows-x86_64 | 0.1.4 | 13.00 | 140.00 | 153.00 | OK |
Version: 0.1.4
Check: Rd cross-references
Result: NOTE
Found the following Rd file(s) with Rd \link{} targets missing package
anchors:
l_tour.Rd: grand_tour, dependence_tour, frozen_tour, guided_tour,
planned_tour
tour_pairs.Rd: l_pairs
Please provide package anchors for all Rd \link{} targets not in the
package itself and the base packages.
Flavors: r-devel-linux-x86_64-debian-clang, r-devel-linux-x86_64-debian-gcc, r-devel-windows-x86_64, r-patched-linux-x86_64, r-release-linux-x86_64, r-release-windows-x86_64