Last updated on 2025-05-10 16:52:32 CEST.
Flavor | Version | Tinstall | Tcheck | Ttotal | Status | Flags |
---|---|---|---|---|---|---|
r-devel-linux-x86_64-debian-clang | 0.3.8 | 55.56 | 480.15 | 535.71 | OK | |
r-devel-linux-x86_64-debian-gcc | 0.3.8 | 38.43 | 355.89 | 394.32 | OK | |
r-devel-linux-x86_64-fedora-clang | 0.3.8 | 899.87 | OK | |||
r-devel-linux-x86_64-fedora-gcc | 0.3.8 | 803.82 | OK | |||
r-devel-windows-x86_64 | 0.3.8 | 50.00 | 392.00 | 442.00 | OK | |
r-patched-linux-x86_64 | 0.3.8 | 53.05 | 457.43 | 510.48 | OK | |
r-release-linux-x86_64 | 0.3.8 | 48.17 | 454.95 | 503.12 | OK | |
r-release-macos-arm64 | 0.3.8 | 197.00 | OK | |||
r-release-macos-x86_64 | 0.3.8 | 369.00 | OK | |||
r-release-windows-x86_64 | 0.3.8 | 51.00 | 398.00 | 449.00 | OK | |
r-oldrel-macos-arm64 | 0.3.8 | 199.00 | NOTE | |||
r-oldrel-macos-x86_64 | 0.3.8 | 367.00 | NOTE | |||
r-oldrel-windows-x86_64 | 0.3.8 | 71.00 | 502.00 | 573.00 | OK |
Version: 0.3.8
Check: package dependencies
Result: NOTE
Package suggested but not available for checking: ‘EnsDb.Hsapiens.v75’
Flavors: r-oldrel-macos-arm64, r-oldrel-macos-x86_64