Last updated on 2025-07-22 16:49:38 CEST.
Flavor | Version | Tinstall | Tcheck | Ttotal | Status | Flags |
---|---|---|---|---|---|---|
r-devel-linux-x86_64-debian-clang | 0.1.0 | 1.81 | 23.22 | 25.03 | NOTE | |
r-devel-linux-x86_64-debian-gcc | 0.1.0 | 1.42 | 19.32 | 20.74 | NOTE | |
r-devel-linux-x86_64-fedora-clang | 0.1.0 | 40.33 | OK | |||
r-devel-linux-x86_64-fedora-gcc | 0.1.0 | 51.86 | OK | |||
r-devel-windows-x86_64 | 0.1.0 | 3.00 | 45.00 | 48.00 | OK | |
r-patched-linux-x86_64 | 0.1.0 | 2.00 | 22.09 | 24.09 | OK | |
r-release-linux-x86_64 | 0.1.0 | 2.00 | 21.77 | 23.77 | OK | |
r-release-macos-arm64 | 0.1.0 | 34.00 | OK | |||
r-release-macos-x86_64 | 0.1.0 | 40.00 | OK | |||
r-release-windows-x86_64 | 0.1.0 | 2.00 | 46.00 | 48.00 | OK | |
r-oldrel-macos-arm64 | 0.1.0 | 22.00 | NOTE | |||
r-oldrel-macos-x86_64 | 0.1.0 | 33.00 | NOTE | |||
r-oldrel-windows-x86_64 | 0.1.0 | 3.00 | 49.00 | 52.00 | NOTE |
Version: 0.1.0
Check: CRAN incoming feasibility
Result: NOTE
Maintainer: ‘Maximilian Zellner <zellnermaximilian@gmail.com>’
No Authors@R field in DESCRIPTION.
Please add one, modifying
Authors@R: person(given = "Maximilian",
family = "Zellner",
role = c("aut", "cre"),
email = "zellnermaximilian@gmail.com")
as necessary.
Flavors: r-devel-linux-x86_64-debian-clang, r-devel-linux-x86_64-debian-gcc
Version: 0.1.0
Check: LazyData
Result: NOTE
'LazyData' is specified without a 'data' directory
Flavors: r-oldrel-macos-arm64, r-oldrel-macos-x86_64, r-oldrel-windows-x86_64