Last updated on 2025-05-10 20:49:44 CEST.
Flavor | Version | Tinstall | Tcheck | Ttotal | Status | Flags |
---|---|---|---|---|---|---|
r-devel-linux-x86_64-debian-clang | 0.1.2 | 3.52 | 34.82 | 38.34 | NOTE | |
r-devel-linux-x86_64-debian-gcc | 0.1.2 | 2.66 | 26.10 | 28.76 | NOTE | |
r-devel-linux-x86_64-fedora-clang | 0.1.2 | 57.78 | NOTE | |||
r-devel-linux-x86_64-fedora-gcc | 0.1.2 | 54.63 | NOTE | |||
r-devel-windows-x86_64 | 0.1.2 | 5.00 | 52.00 | 57.00 | NOTE | |
r-patched-linux-x86_64 | 0.1.2 | 2.96 | 31.41 | 34.37 | NOTE | |
r-release-linux-x86_64 | 0.1.2 | 3.44 | 31.23 | 34.67 | NOTE | |
r-release-macos-arm64 | 0.1.2 | 23.00 | NOTE | |||
r-release-macos-x86_64 | 0.1.2 | 44.00 | NOTE | |||
r-release-windows-x86_64 | 0.1.2 | 7.00 | 53.00 | 60.00 | NOTE | |
r-oldrel-macos-arm64 | 0.1.2 | 25.00 | OK | |||
r-oldrel-macos-x86_64 | 0.1.2 | 36.00 | OK | |||
r-oldrel-windows-x86_64 | 0.1.2 | 6.00 | 59.00 | 65.00 | OK |
Version: 0.1.2
Check: DESCRIPTION meta-information
Result: NOTE
Missing dependency on R >= 4.1.0 because package code uses the pipe
|> or function shorthand \(...) syntax added in R 4.1.0.
File(s) using such syntax:
‘locate.R’
Flavors: r-devel-linux-x86_64-debian-clang, r-devel-linux-x86_64-debian-gcc, r-devel-linux-x86_64-fedora-clang, r-devel-linux-x86_64-fedora-gcc, r-devel-windows-x86_64, r-patched-linux-x86_64, r-release-linux-x86_64, r-release-macos-arm64, r-release-macos-x86_64, r-release-windows-x86_64