CRAN Package Check Results for Package lmeresampler

Last updated on 2025-07-24 05:49:16 CEST.

Flavor Version Tinstall Tcheck Ttotal Status Flags
r-devel-linux-x86_64-debian-clang 0.2.4 14.20 113.02 127.22 NOTE
r-devel-linux-x86_64-debian-gcc 0.2.4 8.74 78.13 86.87 NOTE
r-devel-linux-x86_64-fedora-clang 0.2.4 190.46 NOTE
r-devel-linux-x86_64-fedora-gcc 0.2.4 196.98 NOTE
r-devel-windows-x86_64 0.2.4 13.00 110.00 123.00 NOTE
r-patched-linux-x86_64 0.2.4 12.49 104.82 117.31 NOTE
r-release-linux-x86_64 0.2.4 12.51 103.95 116.46 NOTE
r-release-macos-arm64 0.2.4 56.00 NOTE
r-release-macos-x86_64 0.2.4 124.00 NOTE
r-release-windows-x86_64 0.2.4 16.00 112.00 128.00 NOTE
r-oldrel-macos-arm64 0.2.4 53.00 NOTE
r-oldrel-macos-x86_64 0.2.4 88.00 NOTE
r-oldrel-windows-x86_64 0.2.4 17.00 142.00 159.00 NOTE

Check Details

Version: 0.2.4
Check: Rd files
Result: NOTE checkRd: (-1) bootstrap_pvals.Rd:78: Lost braces; missing escapes or markup? 78 | $(n_{extreme} + 1) / (B + 1)$. | ^ Flavors: r-devel-linux-x86_64-debian-clang, r-devel-linux-x86_64-debian-gcc, r-devel-linux-x86_64-fedora-clang, r-devel-linux-x86_64-fedora-gcc, r-devel-windows-x86_64, r-patched-linux-x86_64, r-release-linux-x86_64, r-release-macos-arm64, r-release-macos-x86_64, r-release-windows-x86_64, r-oldrel-macos-arm64, r-oldrel-macos-x86_64, r-oldrel-windows-x86_64