Last updated on 2024-05-19 12:53:50 CEST.
Flavor | Version | Tinstall | Tcheck | Ttotal | Status | Flags |
---|---|---|---|---|---|---|
r-devel-linux-x86_64-debian-clang | 1.5.13 | 14.75 | 177.04 | 191.79 | OK | |
r-devel-linux-x86_64-debian-gcc | 1.5.13 | 8.83 | 131.36 | 140.19 | OK | |
r-devel-linux-x86_64-fedora-clang | 1.5.13 | 231.89 | NOTE | |||
r-devel-linux-x86_64-fedora-gcc | 1.5.13 | 301.32 | NOTE | |||
r-devel-windows-x86_64 | 1.5.13 | 11.00 | 143.00 | 154.00 | OK | |
r-patched-linux-x86_64 | 1.5.13 | 10.37 | 168.78 | 179.15 | OK | |
r-release-linux-x86_64 | 1.5.13 | 8.50 | 167.13 | 175.63 | OK | |
r-release-macos-arm64 | 1.5.13 | 74.00 | OK | |||
r-release-windows-x86_64 | 1.5.13 | 12.00 | 143.00 | 155.00 | OK | |
r-oldrel-macos-arm64 | 1.5.13 | 77.00 | OK | |||
r-oldrel-macos-x86_64 | 1.5.13 | 144.00 | OK | |||
r-oldrel-windows-x86_64 | 1.5.13 | 16.00 | 180.00 | 196.00 | OK |
Version: 1.5.13
Check: dependencies in R code
Result: NOTE
Namespace in Imports field not imported from: ‘e1071’
All declared Imports should be used.
Flavors: r-devel-linux-x86_64-fedora-clang, r-devel-linux-x86_64-fedora-gcc