CRAN Package Check Results for Package listdown

Last updated on 2025-07-15 09:51:27 CEST.

Flavor Version Tinstall Tcheck Ttotal Status Flags
r-devel-linux-x86_64-debian-clang 0.5.7 5.06 57.24 62.30 NOTE
r-devel-linux-x86_64-debian-gcc 0.5.7 3.75 41.45 45.20 NOTE
r-devel-linux-x86_64-fedora-clang 0.5.7 95.27 NOTE
r-devel-linux-x86_64-fedora-gcc 0.5.7 103.95 NOTE
r-devel-windows-x86_64 0.5.7 7.00 81.00 88.00 NOTE
r-patched-linux-x86_64 0.5.7 4.98 54.44 59.42 NOTE
r-release-linux-x86_64 0.5.7 5.04 53.50 58.54 NOTE
r-release-macos-arm64 0.5.7 72.00 NOTE
r-release-macos-x86_64 0.5.7 86.00 NOTE
r-release-windows-x86_64 0.5.7 7.00 89.00 96.00 NOTE
r-oldrel-macos-arm64 0.5.7 36.00 NOTE
r-oldrel-macos-x86_64 0.5.7 58.00 NOTE
r-oldrel-windows-x86_64 0.5.7 8.00 94.00 102.00 NOTE

Check Details

Version: 0.5.7
Check: Rd files
Result: NOTE checkRd: (-1) ld_build_html_site.Rd:41: Lost braces 41 | directory specified by `rmd_dir`. Note that this is an {{rmarkdown}} | ^ checkRd: (-1) ld_create_doc.Rd:29: Lost braces 29 | directory specified by `rmd_dir`. Note that this is an {{rmarkdown}} | ^ Flavors: r-devel-linux-x86_64-debian-clang, r-devel-linux-x86_64-debian-gcc, r-devel-linux-x86_64-fedora-clang, r-devel-linux-x86_64-fedora-gcc, r-devel-windows-x86_64, r-patched-linux-x86_64, r-release-linux-x86_64, r-release-macos-arm64, r-release-macos-x86_64, r-release-windows-x86_64, r-oldrel-macos-arm64, r-oldrel-macos-x86_64, r-oldrel-windows-x86_64