CRAN Package Check Results for Package lisrelToR

Last updated on 2025-07-13 21:48:32 CEST.

Flavor Version Tinstall Tcheck Ttotal Status Flags
r-devel-linux-x86_64-debian-clang 0.3 2.03 19.85 21.88 NOTE
r-devel-linux-x86_64-debian-gcc 0.3 1.78 16.08 17.86 NOTE
r-devel-linux-x86_64-fedora-clang 0.3 34.18 OK
r-devel-linux-x86_64-fedora-gcc 0.3 32.49 OK
r-devel-windows-x86_64 0.3 4.00 38.00 42.00 OK
r-patched-linux-x86_64 0.3 2.29 18.75 21.04 OK
r-release-linux-x86_64 0.3 2.01 18.52 20.53 OK
r-release-macos-arm64 0.3 15.00 OK
r-release-macos-x86_64 0.3 27.00 OK
r-release-windows-x86_64 0.3 5.00 41.00 46.00 OK
r-oldrel-macos-arm64 0.3 20.00 OK
r-oldrel-macos-x86_64 0.3 21.00 OK
r-oldrel-windows-x86_64 0.3 4.00 36.00 40.00 OK

Check Details

Version: 0.3
Check: CRAN incoming feasibility
Result: NOTE Maintainer: ‘Sacha Epskamp <mail@sachaepskamp.com>’ No Authors@R field in DESCRIPTION. Please add one, modifying Authors@R: person(given = "Sacha", family = "Epskamp", role = c("aut", "cre"), email = "mail@sachaepskamp.com") as necessary. Flavors: r-devel-linux-x86_64-debian-clang, r-devel-linux-x86_64-debian-gcc