Last updated on 2025-07-21 20:50:06 CEST.
Flavor | Version | Tinstall | Tcheck | Ttotal | Status | Flags |
---|---|---|---|---|---|---|
r-devel-linux-x86_64-debian-clang | 1.0.3 | 28.66 | 248.30 | 276.96 | OK | |
r-devel-linux-x86_64-debian-gcc | 1.0.3 | 17.72 | 158.27 | 175.99 | OK | |
r-devel-linux-x86_64-fedora-clang | 1.0.3 | 435.53 | NOTE | |||
r-devel-linux-x86_64-fedora-gcc | 1.0.3 | 434.01 | NOTE | |||
r-devel-windows-x86_64 | 1.0.3 | 25.00 | 188.00 | 213.00 | OK | |
r-patched-linux-x86_64 | 1.0.3 | 23.97 | 230.86 | 254.83 | OK | |
r-release-linux-x86_64 | 1.0.3 | 23.50 | 228.42 | 251.92 | OK | |
r-release-macos-arm64 | 1.0.3 | 101.00 | OK | |||
r-release-macos-x86_64 | 1.0.3 | 195.00 | OK | |||
r-release-windows-x86_64 | 1.0.3 | 24.00 | 190.00 | 214.00 | OK | |
r-oldrel-macos-arm64 | 1.0.3 | 99.00 | OK | |||
r-oldrel-macos-x86_64 | 1.0.3 | 235.00 | OK | |||
r-oldrel-windows-x86_64 | 1.0.3 | 35.00 | 252.00 | 287.00 | OK |
Version: 1.0.3
Check: dependencies in R code
Result: NOTE
Namespace in Imports field not imported from: ‘knitr’
All declared Imports should be used.
Flavors: r-devel-linux-x86_64-fedora-clang, r-devel-linux-x86_64-fedora-gcc