Last updated on 2025-07-28 04:50:08 CEST.
Flavor | Version | Tinstall | Tcheck | Ttotal | Status | Flags |
---|---|---|---|---|---|---|
r-devel-linux-x86_64-debian-clang | 3.4.0-4 | 247.32 | 22.03 | 269.35 | OK | |
r-devel-linux-x86_64-debian-gcc | 3.4.0-4 | 174.01 | 18.08 | 192.09 | OK | |
r-devel-linux-x86_64-fedora-clang | 3.4.0-4 | 735.19 | OK | |||
r-devel-linux-x86_64-fedora-gcc | 3.4.0-4 | 573.57 | OK | |||
r-devel-windows-x86_64 | 3.4.0-4 | 435.00 | 98.00 | 533.00 | OK | |
r-release-linux-x86_64 | 3.4.0-4 | 254.47 | 20.41 | 274.88 | OK | |
r-release-macos-arm64 | 3.4.0-4 | 94.00 | OK | |||
r-release-macos-x86_64 | 3.4.0-4 | 340.00 | OK | |||
r-release-windows-x86_64 | 3.4.0-4 | 443.00 | 98.00 | 541.00 | OK | |
r-oldrel-macos-arm64 | 3.4.0-4 | 90.00 | NOTE | |||
r-oldrel-macos-x86_64 | 3.4.0-4 | 330.00 | NOTE | |||
r-oldrel-windows-x86_64 | 3.4.0-4 | 415.00 | 98.00 | 513.00 | NOTE |
Version: 3.4.0-4
Check: installed package size
Result: NOTE
installed size is 10.7Mb
sub-directories of 1Mb or more:
data 1.1Mb
include 1.0Mb
lib 4.8Mb
libs 3.6Mb
Flavors: r-oldrel-macos-arm64, r-oldrel-macos-x86_64, r-oldrel-windows-x86_64
Version: 3.4.0-4
Check: for GNU extensions in Makefiles
Result: NOTE
GNU make is a SystemRequirements.
Flavors: r-oldrel-macos-arm64, r-oldrel-macos-x86_64, r-oldrel-windows-x86_64