CRAN Package Check Results for Package libdeflate

Last updated on 2025-07-25 16:49:49 CEST.

Flavor Version Tinstall Tcheck Ttotal Status Flags
r-devel-linux-x86_64-debian-clang 1.24-7 12.53 18.89 31.42 OK
r-devel-linux-x86_64-debian-gcc 1.24-7 10.58 16.01 26.59 OK
r-devel-linux-x86_64-fedora-clang 1.24-7 50.28 OK
r-devel-linux-x86_64-fedora-gcc 1.24-7 53.01 OK
r-devel-windows-x86_64 1.24-7 44.00 39.00 83.00 OK
r-patched-linux-x86_64 1.24-7 12.19 16.53 28.72 OK
r-release-macos-arm64 1.24-2 24.00 OK
r-release-macos-x86_64 1.24-7 44.00 OK
r-release-windows-x86_64 1.24-7 51.00 40.00 91.00 OK
r-oldrel-macos-arm64 1.24-2 31.00 NOTE
r-oldrel-macos-x86_64 1.24-7 41.00 NOTE
r-oldrel-windows-x86_64 1.24-7 55.00 40.00 95.00 NOTE

Check Details

Version: 1.24-2
Check: for GNU extensions in Makefiles
Result: NOTE GNU make is a SystemRequirements. Flavor: r-oldrel-macos-arm64

Version: 1.24-7
Check: for GNU extensions in Makefiles
Result: NOTE GNU make is a SystemRequirements. Flavors: r-oldrel-macos-x86_64, r-oldrel-windows-x86_64