Last updated on 2025-07-21 08:50:07 CEST.
Flavor | Version | Tinstall | Tcheck | Ttotal | Status | Flags |
---|---|---|---|---|---|---|
r-devel-linux-x86_64-debian-clang | 1.1 | 27.83 | 130.60 | 158.43 | OK | |
r-devel-linux-x86_64-debian-gcc | 1.1 | 21.52 | 101.82 | 123.34 | OK | |
r-devel-linux-x86_64-fedora-clang | 1.1 | 264.62 | NOTE | |||
r-devel-linux-x86_64-fedora-gcc | 1.1 | 285.16 | NOTE | |||
r-devel-windows-x86_64 | 1.1 | 33.00 | 166.00 | 199.00 | OK | |
r-patched-linux-x86_64 | 1.1 | 30.42 | 146.89 | 177.31 | OK | |
r-release-linux-x86_64 | 1.1 | 31.02 | 146.30 | 177.32 | OK | |
r-release-macos-arm64 | 1.1 | 99.00 | OK | |||
r-release-macos-x86_64 | 1.1 | 232.00 | OK | |||
r-release-windows-x86_64 | 1.1 | 34.00 | 179.00 | 213.00 | OK | |
r-oldrel-macos-arm64 | 1.1 | 99.00 | NOTE | |||
r-oldrel-macos-x86_64 | 1.1 | 209.00 | NOTE | |||
r-oldrel-windows-x86_64 | 1.1 | 42.00 | 231.00 | 273.00 | OK |
Version: 1.1
Check: dependencies in R code
Result: NOTE
Namespaces in Imports field not imported from:
‘ggplot2’ ‘knitr’ ‘purrr’ ‘rmarkdown’
All declared Imports should be used.
Flavors: r-devel-linux-x86_64-fedora-clang, r-devel-linux-x86_64-fedora-gcc
Version: 1.1
Check: installed package size
Result: NOTE
installed size is 11.4Mb
sub-directories of 1Mb or more:
data 1.8Mb
libs 9.1Mb
Flavors: r-oldrel-macos-arm64, r-oldrel-macos-x86_64