Last updated on 2025-05-10 20:49:44 CEST.
Flavor | Version | Tinstall | Tcheck | Ttotal | Status | Flags |
---|---|---|---|---|---|---|
r-devel-linux-x86_64-debian-clang | 0.0.3 | 2.77 | 25.55 | 28.32 | NOTE | |
r-devel-linux-x86_64-debian-gcc | 0.0.3 | 1.91 | 19.72 | 21.63 | NOTE | |
r-devel-linux-x86_64-fedora-clang | 0.0.3 | 41.63 | OK | |||
r-devel-linux-x86_64-fedora-gcc | 0.0.3 | 39.87 | OK | |||
r-devel-windows-x86_64 | 0.0.3 | 4.00 | 54.00 | 58.00 | OK | |
r-patched-linux-x86_64 | 0.0.3 | 2.45 | 23.01 | 25.46 | OK | |
r-release-linux-x86_64 | 0.0.3 | 2.44 | 22.79 | 25.23 | OK | |
r-release-macos-arm64 | 0.0.3 | 37.00 | OK | |||
r-release-macos-x86_64 | 0.0.3 | 45.00 | OK | |||
r-release-windows-x86_64 | 0.0.3 | 4.00 | 54.00 | 58.00 | OK | |
r-oldrel-macos-arm64 | 0.0.3 | 17.00 | NOTE | |||
r-oldrel-macos-x86_64 | 0.0.3 | 24.00 | NOTE | |||
r-oldrel-windows-x86_64 | 0.0.3 | 5.00 | 58.00 | 63.00 | NOTE |
Version: 0.0.3
Check: CRAN incoming feasibility
Result: NOTE
Maintainer: ‘Chris Hammill <cfhammill@gmail.com>’
Found the following (possibly) invalid file URI:
URI: www.schoolofhaskell.com/school/to-infinity-and-beyond/pick-of-the-week/a-little-lens-starter-tutorial
From: README.md
Flavors: r-devel-linux-x86_64-debian-clang, r-devel-linux-x86_64-debian-gcc
Version: 0.0.3
Check: LazyData
Result: NOTE
'LazyData' is specified without a 'data' directory
Flavors: r-oldrel-macos-arm64, r-oldrel-macos-x86_64, r-oldrel-windows-x86_64