CRAN Package Check Results for Package lcda

Last updated on 2025-07-21 12:50:06 CEST.

Flavor Version Tinstall Tcheck Ttotal Status Flags
r-devel-linux-x86_64-debian-clang 0.3.2 2.43 36.08 38.51 NOTE
r-devel-linux-x86_64-debian-gcc 0.3.2 1.96 25.44 27.40 NOTE
r-devel-linux-x86_64-fedora-clang 0.3.2 58.67 OK
r-devel-linux-x86_64-fedora-gcc 0.3.2 55.99 OK
r-devel-windows-x86_64 0.3.2 4.00 51.00 55.00 OK
r-patched-linux-x86_64 0.3.2 2.77 34.09 36.86 OK
r-release-linux-x86_64 0.3.2 2.27 33.01 35.28 OK
r-release-macos-arm64 0.3.2 20.00 OK
r-release-macos-x86_64 0.3.2 34.00 OK
r-release-windows-x86_64 0.3.2 3.00 59.00 62.00 OK
r-oldrel-macos-arm64 0.3.2 20.00 OK
r-oldrel-macos-x86_64 0.3.2 30.00 OK
r-oldrel-windows-x86_64 0.3.2 3.00 58.00 61.00 OK

Check Details

Version: 0.3.2
Check: CRAN incoming feasibility
Result: NOTE Maintainer: ‘Michael Buecker <michael.buecker@fh-muenster.de>’ No Authors@R field in DESCRIPTION. Please add one, modifying Authors@R: person(given = "Michael", family = "Buecker", role = c("aut", "cre"), email = "michael.buecker@fh-muenster.de") as necessary. Flavors: r-devel-linux-x86_64-debian-clang, r-devel-linux-x86_64-debian-gcc