Last updated on 2025-05-10 20:49:44 CEST.
Flavor | Version | Tinstall | Tcheck | Ttotal | Status | Flags |
---|---|---|---|---|---|---|
r-devel-linux-x86_64-debian-clang | 1.6.1 | 18.09 | 471.15 | 489.24 | NOTE | |
r-devel-linux-x86_64-debian-gcc | 1.6.1 | 13.02 | 286.86 | 299.88 | NOTE | |
r-devel-linux-x86_64-fedora-clang | 1.6.1 | 737.46 | OK | |||
r-devel-linux-x86_64-fedora-gcc | 1.6.1 | 620.92 | OK | |||
r-devel-windows-x86_64 | 1.6.1 | 22.00 | 360.00 | 382.00 | NOTE | |
r-patched-linux-x86_64 | 1.6.1 | 26.90 | 371.67 | 398.57 | NOTE | |
r-release-linux-x86_64 | 1.6.1 | 19.00 | 374.55 | 393.55 | NOTE | |
r-release-macos-arm64 | 1.6.1 | 665.00 | OK | |||
r-release-macos-x86_64 | 1.6.1 | 402.00 | OK | |||
r-release-windows-x86_64 | 1.6.1 | 22.00 | 355.00 | 377.00 | NOTE | |
r-oldrel-macos-arm64 | 1.6.1 | 278.00 | NOTE | |||
r-oldrel-macos-x86_64 | 1.6.1 | 254.00 | NOTE | |||
r-oldrel-windows-x86_64 | 1.6.1 | 28.00 | 436.00 | 464.00 | OK |
Version: 1.6.1
Check: Rd cross-references
Result: NOTE
Found the following Rd file(s) with Rd \link{} targets missing package
anchors:
latrend.Rd: Verbose
latrendBatch.Rd: Verbose
latrendBoot.Rd: Verbose
latrendCV.Rd: Verbose
latrendRep.Rd: Verbose
update.lcModel.Rd: Verbose
Please provide package anchors for all Rd \link{} targets not in the
package itself and the base packages.
Flavors: r-devel-linux-x86_64-debian-clang, r-devel-linux-x86_64-debian-gcc, r-devel-windows-x86_64, r-patched-linux-x86_64, r-release-linux-x86_64, r-release-windows-x86_64
Version: 1.6.1
Check: package dependencies
Result: NOTE
Package suggested but not available for checking: ‘mixAK’
Flavors: r-oldrel-macos-arm64, r-oldrel-macos-x86_64
Version: 1.6.1
Check: Rd cross-references
Result: NOTE
Package unavailable to check Rd xrefs: ‘mixAK’
Flavors: r-oldrel-macos-arm64, r-oldrel-macos-x86_64