CRAN Package Check Results for Package latent2likert

Last updated on 2025-07-21 12:50:06 CEST.

Flavor Version Tinstall Tcheck Ttotal Status Flags
r-devel-linux-x86_64-debian-clang 1.2.1 1.90 34.46 36.36 OK
r-devel-linux-x86_64-debian-gcc 1.2.1 1.74 26.02 27.76 OK
r-devel-linux-x86_64-fedora-clang 1.2.1 55.05 OK
r-devel-linux-x86_64-fedora-gcc 1.2.1 67.64 OK
r-devel-windows-x86_64 1.2.1 4.00 53.00 57.00 OK
r-patched-linux-x86_64 1.2.1 1.99 31.43 33.42 OK
r-release-linux-x86_64 1.2.1 2.22 31.62 33.84 OK
r-release-macos-arm64 1.2.1 68.00 OK
r-release-macos-x86_64 1.2.1 55.00 OK
r-release-windows-x86_64 1.2.1 4.00 55.00 59.00 OK
r-oldrel-macos-arm64 1.2.1 31.00 OK
r-oldrel-macos-x86_64 1.2.1 62.00 OK
r-oldrel-windows-x86_64 1.2.1 5.00 61.00 66.00 ERROR

Check Details

Version: 1.2.1
Check: re-building of vignette outputs
Result: ERROR Error(s) in re-building vignettes: --- re-building 'using_latent2likert.Rmd' using rmarkdown File man/figures/courses-grouped-min.png not found in resource path Error: processing vignette 'using_latent2likert.Rmd' failed with diagnostics: pandoc document conversion failed with error 99 --- failed re-building 'using_latent2likert.Rmd' SUMMARY: processing the following file failed: 'using_latent2likert.Rmd' Error: Vignette re-building failed. Execution halted Flavor: r-oldrel-windows-x86_64