Last updated on 2025-05-10 20:49:44 CEST.
Flavor | Version | Tinstall | Tcheck | Ttotal | Status | Flags |
---|---|---|---|---|---|---|
r-devel-linux-x86_64-debian-clang | 1.2 | 5.92 | 55.58 | 61.50 | NOTE | |
r-devel-linux-x86_64-debian-gcc | 1.2 | 5.05 | 42.58 | 47.63 | NOTE | |
r-devel-linux-x86_64-fedora-clang | 1.2 | 94.78 | OK | |||
r-devel-linux-x86_64-fedora-gcc | 1.2 | 90.68 | OK | |||
r-devel-windows-x86_64 | 1.2 | 8.00 | 73.00 | 81.00 | OK | |
r-patched-linux-x86_64 | 1.2 | 6.00 | 53.13 | 59.13 | OK | |
r-release-linux-x86_64 | 1.2 | 5.37 | 53.01 | 58.38 | OK | |
r-release-macos-arm64 | 1.2 | 34.00 | OK | |||
r-release-macos-x86_64 | 1.2 | 88.00 | OK | |||
r-release-windows-x86_64 | 1.2 | 7.00 | 75.00 | 82.00 | OK | |
r-oldrel-macos-arm64 | 1.2 | 32.00 | OK | |||
r-oldrel-macos-x86_64 | 1.2 | 47.00 | OK | |||
r-oldrel-windows-x86_64 | 1.2 | 9.00 | 83.00 | 92.00 | OK |
Version: 1.2
Check: CRAN incoming feasibility
Result: NOTE
Maintainer: ‘Layla Parast <parast@austin.utexas.edu>’
No Authors@R field in DESCRIPTION.
Please add one, modifying
Authors@R: person(given = "Layla",
family = "Parast",
role = c("aut", "cre"),
email = "parast@austin.utexas.edu")
as necessary.
Flavors: r-devel-linux-x86_64-debian-clang, r-devel-linux-x86_64-debian-gcc