Last updated on 2025-05-10 20:49:44 CEST.
Flavor | Version | Tinstall | Tcheck | Ttotal | Status | Flags |
---|---|---|---|---|---|---|
r-devel-linux-x86_64-debian-clang | 2.2.4 | 11.13 | 24.16 | 35.29 | OK | |
r-devel-linux-x86_64-debian-gcc | 2.2.4 | 7.69 | 19.02 | 26.71 | OK | |
r-devel-linux-x86_64-fedora-clang | 2.2.4 | 59.86 | OK | |||
r-devel-linux-x86_64-fedora-gcc | 2.2.4 | 58.73 | OK | |||
r-devel-windows-x86_64 | 2.2.4 | 16.00 | 61.00 | 77.00 | OK | |
r-patched-linux-x86_64 | 2.2.4 | 10.02 | 22.86 | 32.88 | OK | |
r-release-linux-x86_64 | 2.2.4 | 10.05 | 22.80 | 32.85 | OK | |
r-release-macos-arm64 | 2.2.4 | 23.00 | OK | |||
r-release-macos-x86_64 | 2.2.4 | 36.00 | OK | |||
r-release-windows-x86_64 | 2.2.4 | 16.00 | 61.00 | 77.00 | OK | |
r-oldrel-macos-arm64 | 2.2.4 | 18.00 | NOTE | |||
r-oldrel-macos-x86_64 | 2.2.4 | 26.00 | NOTE | |||
r-oldrel-windows-x86_64 | 2.2.4 | 18.00 | 71.00 | 89.00 | NOTE |
Version: 2.2.4
Check: for GNU extensions in Makefiles
Result: NOTE
GNU make is a SystemRequirements.
Flavors: r-oldrel-macos-arm64, r-oldrel-macos-x86_64, r-oldrel-windows-x86_64