CRAN Package Check Results for Package labelr

Last updated on 2025-07-22 04:50:06 CEST.

Flavor Version Tinstall Tcheck Ttotal Status Flags
r-devel-linux-x86_64-debian-clang 0.1.9 9.11 598.09 607.20 NOTE
r-devel-linux-x86_64-debian-gcc 0.1.9 6.37 312.79 319.16 NOTE
r-devel-linux-x86_64-fedora-clang 0.1.9 983.65 NOTE
r-devel-linux-x86_64-fedora-gcc 0.1.9 974.77 NOTE
r-devel-windows-x86_64 0.1.9 8.00 503.00 511.00 NOTE
r-patched-linux-x86_64 0.1.9 9.80 552.56 562.36 NOTE
r-release-linux-x86_64 0.1.9 9.28 558.04 567.32 NOTE
r-release-macos-arm64 0.1.9 182.00 NOTE
r-release-macos-x86_64 0.1.9 427.00 NOTE
r-release-windows-x86_64 0.1.9 10.00 495.00 505.00 NOTE
r-oldrel-macos-arm64 0.1.9 103.00 OK
r-oldrel-macos-x86_64 0.1.9 225.00 OK
r-oldrel-windows-x86_64 0.1.9 10.00 336.00 346.00 OK

Check Details

Version: 0.1.9
Check: DESCRIPTION meta-information
Result: NOTE Missing dependency on R >= 4.1.0 because package code uses the pipe |> or function shorthand \(...) syntax added in R 4.1.0. File(s) using such syntax: ‘as_base_data_frame.R’ ‘as_base_data_frame2.R’ ‘as_labeled_data_frame.R’ ‘irregular2.R’ Flavors: r-devel-linux-x86_64-debian-clang, r-devel-linux-x86_64-debian-gcc, r-devel-linux-x86_64-fedora-clang, r-devel-linux-x86_64-fedora-gcc, r-devel-windows-x86_64, r-patched-linux-x86_64, r-release-linux-x86_64, r-release-macos-arm64, r-release-macos-x86_64, r-release-windows-x86_64