Last updated on 2025-05-10 20:49:44 CEST.
Flavor | Version | Tinstall | Tcheck | Ttotal | Status | Flags |
---|---|---|---|---|---|---|
r-devel-linux-x86_64-debian-clang | 2.0 | 2.16 | 29.38 | 31.54 | NOTE | |
r-devel-linux-x86_64-debian-gcc | 2.0 | 1.48 | 22.83 | 24.31 | NOTE | |
r-devel-linux-x86_64-fedora-clang | 2.0 | 49.88 | OK | |||
r-devel-linux-x86_64-fedora-gcc | 2.0 | 47.73 | OK | |||
r-devel-windows-x86_64 | 2.0 | 4.00 | 50.00 | 54.00 | OK | |
r-patched-linux-x86_64 | 2.0 | 1.92 | 28.50 | 30.42 | OK | |
r-release-linux-x86_64 | 2.0 | 2.05 | 28.34 | 30.39 | OK | |
r-release-macos-arm64 | 2.0 | 20.00 | OK | |||
r-release-macos-x86_64 | 2.0 | 35.00 | OK | |||
r-release-windows-x86_64 | 2.0 | 3.00 | 51.00 | 54.00 | OK | |
r-oldrel-macos-arm64 | 2.0 | 19.00 | OK | |||
r-oldrel-macos-x86_64 | 2.0 | 27.00 | OK | |||
r-oldrel-windows-x86_64 | 2.0 | 4.00 | 57.00 | 61.00 | OK |
Version: 2.0
Check: CRAN incoming feasibility
Result: NOTE
Maintainer: ‘John Hughes <drjphughesjr@gmail.com>’
No Authors@R field in DESCRIPTION.
Please add one, modifying
Authors@R: person(given = "John",
family = "Hughes",
role = c("aut", "cre"),
email = "drjphughesjr@gmail.com")
as necessary.
Flavors: r-devel-linux-x86_64-debian-clang, r-devel-linux-x86_64-debian-gcc