CRAN Package Check Results for Package kntnr

Last updated on 2025-07-27 01:48:25 CEST.

Flavor Version Tinstall Tcheck Ttotal Status Flags
r-devel-linux-x86_64-debian-clang 0.4.4 4.10 40.94 45.04 OK
r-devel-linux-x86_64-debian-gcc 0.4.4 2.79 30.12 32.91 OK
r-devel-linux-x86_64-fedora-clang 0.4.4 65.66 OK
r-devel-linux-x86_64-fedora-gcc 0.4.4 61.47 OK
r-devel-windows-x86_64 0.4.4 6.00 65.00 71.00 OK
r-patched-linux-x86_64 0.4.4 3.58 36.41 39.99 OK
r-release-linux-x86_64 0.4.4 4.18 36.21 40.39 OK
r-release-macos-arm64 0.4.4 23.00 OK
r-release-macos-x86_64 0.4.4 40.00 OK
r-release-windows-x86_64 0.4.4 6.00 56.00 62.00 OK
r-oldrel-macos-arm64 0.4.4 25.00 NOTE
r-oldrel-macos-x86_64 0.4.4 34.00 NOTE
r-oldrel-windows-x86_64 0.4.4 8.00 66.00 74.00 NOTE

Check Details

Version: 0.4.4
Check: LazyData
Result: NOTE 'LazyData' is specified without a 'data' directory Flavors: r-oldrel-macos-arm64, r-oldrel-macos-x86_64, r-oldrel-windows-x86_64