CRAN Package Check Results for Package knnwtsim

Last updated on 2025-05-10 16:52:29 CEST.

Flavor Version Tinstall Tcheck Ttotal Status Flags
r-devel-linux-x86_64-debian-clang 1.0.0 1.87 30.20 32.07 NOTE
r-devel-linux-x86_64-debian-gcc 1.0.0 1.82 22.70 24.52 NOTE
r-devel-linux-x86_64-fedora-clang 1.0.0 49.07 OK
r-devel-linux-x86_64-fedora-gcc 1.0.0 46.75 OK
r-devel-windows-x86_64 1.0.0 4.00 53.00 57.00 OK
r-patched-linux-x86_64 1.0.0 2.47 27.27 29.74 OK
r-release-linux-x86_64 1.0.0 2.27 26.92 29.19 OK
r-release-macos-arm64 1.0.0 21.00 OK
r-release-macos-x86_64 1.0.0 33.00 OK
r-release-windows-x86_64 1.0.0 3.00 53.00 56.00 OK
r-oldrel-macos-arm64 1.0.0 18.00 OK
r-oldrel-macos-x86_64 1.0.0 29.00 OK
r-oldrel-windows-x86_64 1.0.0 4.00 58.00 62.00 OK

Check Details

Version: 1.0.0
Check: CRAN incoming feasibility
Result: NOTE Maintainer: ‘Matthew Trupiano <matthew.trupiano.professional@gmail.com>’ No Authors@R field in DESCRIPTION. Please add one, modifying Authors@R: person(given = "Matthew", family = "Trupiano", role = c("aut", "cre"), email = "matthew.trupiano.professional@gmail.com") as necessary. The Description field contains similarity metric please see Trupiano (2021) <arXiv:2112.06266>. Please refer to arXiv e-prints via their arXiv DOI <doi:10.48550/arXiv.YYMM.NNNNN>. Flavors: r-devel-linux-x86_64-debian-clang, r-devel-linux-x86_64-debian-gcc