CRAN Package Check Results for Package kmi

Last updated on 2025-07-28 09:50:05 CEST.

Flavor Version Tinstall Tcheck Ttotal Status Flags
r-devel-linux-x86_64-debian-clang 0.5.5 6.48 70.85 77.33 NOTE
r-devel-linux-x86_64-debian-gcc 0.5.5 5.54 52.11 57.65 NOTE
r-devel-linux-x86_64-fedora-clang 0.5.5 118.23 OK
r-devel-linux-x86_64-fedora-gcc 0.5.5 117.33 OK
r-devel-windows-x86_64 0.5.5 8.00 95.00 103.00 OK
r-patched-linux-x86_64 0.5.5 5.28 69.19 74.47 OK
r-release-linux-x86_64 0.5.5 7.14 67.88 75.02 OK
r-release-macos-arm64 0.5.5 39.00 OK
r-release-macos-x86_64 0.5.5 83.00 OK
r-release-windows-x86_64 0.5.5 8.00 87.00 95.00 OK
r-oldrel-macos-arm64 0.5.5 35.00 OK
r-oldrel-macos-x86_64 0.5.5 93.00 OK
r-oldrel-windows-x86_64 0.5.5 10.00 106.00 116.00 OK

Check Details

Version: 0.5.5
Check: CRAN incoming feasibility
Result: NOTE Maintainer: ‘Arthur Allignol <arthur.allignol@gmail.com>’ No Authors@R field in DESCRIPTION. Please add one, modifying Authors@R: person(given = "Arthur", family = "Allignol", role = c("aut", "cre"), email = "arthur.allignol@gmail.com") as necessary. Flavors: r-devel-linux-x86_64-debian-clang, r-devel-linux-x86_64-debian-gcc