Last updated on 2025-05-11 00:49:39 CEST.
Flavor | Version | Tinstall | Tcheck | Ttotal | Status | Flags |
---|---|---|---|---|---|---|
r-devel-linux-x86_64-debian-clang | 3.1.2 | 4.64 | 59.42 | 64.06 | NOTE | |
r-devel-linux-x86_64-debian-gcc | 3.1.2 | 2.96 | 44.11 | 47.07 | NOTE | |
r-devel-linux-x86_64-fedora-clang | 3.1.2 | 104.22 | OK | |||
r-devel-linux-x86_64-fedora-gcc | 3.1.2 | 110.70 | OK | |||
r-devel-windows-x86_64 | 3.1.2 | 6.00 | 93.00 | 99.00 | NOTE | |
r-patched-linux-x86_64 | 3.1.2 | 4.75 | 57.13 | 61.88 | NOTE | |
r-release-linux-x86_64 | 3.1.2 | 4.12 | 56.17 | 60.29 | NOTE | |
r-release-macos-arm64 | 3.1.2 | 48.00 | OK | |||
r-release-macos-x86_64 | 3.1.2 | 82.00 | OK | |||
r-release-windows-x86_64 | 3.1.2 | 6.00 | 93.00 | 99.00 | NOTE | |
r-oldrel-macos-arm64 | 3.1.2 | 40.00 | OK | |||
r-oldrel-macos-x86_64 | 3.1.2 | 93.00 | OK | |||
r-oldrel-windows-x86_64 | 3.1.2 | 7.00 | 101.00 | 108.00 | OK |
Version: 3.1.2
Check: Rd cross-references
Result: NOTE
Found the following Rd file(s) with Rd \link{} targets missing package
anchors:
cross_spectrum.Rd: pspectrum
Please provide package anchors for all Rd \link{} targets not in the
package itself and the base packages.
Flavors: r-devel-linux-x86_64-debian-clang, r-devel-linux-x86_64-debian-gcc, r-devel-windows-x86_64, r-patched-linux-x86_64, r-release-linux-x86_64, r-release-windows-x86_64