Last updated on 2025-05-10 20:49:43 CEST.
Flavor | Version | Tinstall | Tcheck | Ttotal | Status | Flags |
---|---|---|---|---|---|---|
r-devel-linux-x86_64-debian-clang | 0.2.1 | 75.05 | 120.53 | 195.58 | OK | |
r-devel-linux-x86_64-debian-gcc | 0.2.1 | 66.39 | 87.85 | 154.24 | OK | |
r-devel-linux-x86_64-fedora-clang | 0.2.1 | 311.21 | NOTE | |||
r-devel-linux-x86_64-fedora-gcc | 0.2.1 | 399.76 | NOTE | |||
r-devel-windows-x86_64 | 0.2.1 | 89.00 | 165.00 | 254.00 | OK | |
r-patched-linux-x86_64 | 0.2.1 | 86.25 | 114.86 | 201.11 | OK | |
r-release-linux-x86_64 | 0.2.1 | 92.38 | 114.45 | 206.83 | OK | |
r-release-macos-arm64 | 0.2.1 | 106.00 | OK | |||
r-release-macos-x86_64 | 0.2.1 | 183.00 | OK | |||
r-release-windows-x86_64 | 0.2.1 | 88.00 | 165.00 | 253.00 | OK | |
r-oldrel-macos-arm64 | 0.2.1 | 238.00 | NOTE | |||
r-oldrel-macos-x86_64 | 0.2.1 | 287.00 | NOTE | |||
r-oldrel-windows-x86_64 | 0.2.1 | 108.00 | 209.00 | 317.00 | OK |
Version: 0.2.1
Check: dependencies in R code
Result: NOTE
Namespace in Imports field not imported from: ‘RcppProgress’
All declared Imports should be used.
Flavors: r-devel-linux-x86_64-fedora-clang, r-devel-linux-x86_64-fedora-gcc
Version: 0.2.1
Check: installed package size
Result: NOTE
installed size is 18.3Mb
sub-directories of 1Mb or more:
libs 17.9Mb
Flavors: r-oldrel-macos-arm64, r-oldrel-macos-x86_64