Last updated on 2025-05-10 08:50:41 CEST.
Flavor | Version | Tinstall | Tcheck | Ttotal | Status | Flags |
---|---|---|---|---|---|---|
r-devel-linux-x86_64-debian-clang | 0.1.10 | 18.54 | 44.02 | 62.56 | NOTE | |
r-devel-linux-x86_64-debian-gcc | 0.1.10 | 13.31 | 33.13 | 46.44 | NOTE | |
r-devel-linux-x86_64-fedora-clang | 0.1.10 | 115.04 | OK | |||
r-devel-linux-x86_64-fedora-gcc | 0.1.10 | 116.13 | OK | |||
r-devel-windows-x86_64 | 0.1.10 | 24.00 | 79.00 | 103.00 | OK | |
r-patched-linux-x86_64 | 0.1.10 | 20.26 | 42.07 | 62.33 | OK | |
r-release-linux-x86_64 | 0.1.10 | 18.72 | 41.91 | 60.63 | OK | |
r-release-macos-arm64 | 0.1.10 | 35.00 | OK | |||
r-release-macos-x86_64 | 0.1.10 | 60.00 | OK | |||
r-release-windows-x86_64 | 0.1.10 | 24.00 | 79.00 | 103.00 | OK | |
r-oldrel-macos-arm64 | 0.1.10 | 33.00 | OK | |||
r-oldrel-macos-x86_64 | 0.1.10 | 43.00 | OK | |||
r-oldrel-windows-x86_64 | 0.1.10 | 28.00 | 100.00 | 128.00 | OK |
Version: 0.1.10
Check: CRAN incoming feasibility
Result: NOTE
Maintainer: ‘Tymoteusz Wolodzko <twolodzko+kernelboot@gmail.com>’
No Authors@R field in DESCRIPTION.
Please add one, modifying
Authors@R: person(given = "Tymoteusz",
family = "Wolodzko",
role = c("aut", "cre"),
email = "twolodzko+kernelboot@gmail.com")
as necessary.
Flavors: r-devel-linux-x86_64-debian-clang, r-devel-linux-x86_64-debian-gcc