Last updated on 2025-05-10 16:52:28 CEST.
Flavor | Version | Tinstall | Tcheck | Ttotal | Status | Flags |
---|---|---|---|---|---|---|
r-devel-linux-x86_64-debian-clang | 3.2.0 | 14.23 | 131.24 | 145.47 | NOTE | |
r-devel-linux-x86_64-debian-gcc | 3.2.0 | 10.29 | 95.67 | 105.96 | NOTE | |
r-devel-linux-x86_64-fedora-clang | 3.2.0 | 249.54 | NOTE | |||
r-devel-linux-x86_64-fedora-gcc | 3.2.0 | 238.25 | NOTE | |||
r-devel-windows-x86_64 | 3.2.0 | 15.00 | 123.00 | 138.00 | NOTE | |
r-patched-linux-x86_64 | 3.2.0 | 13.38 | 124.91 | 138.29 | NOTE | |
r-release-linux-x86_64 | 3.2.0 | 13.96 | 124.17 | 138.13 | NOTE | |
r-release-macos-arm64 | 3.2.0 | 83.00 | NOTE | |||
r-release-macos-x86_64 | 3.2.0 | 142.00 | NOTE | |||
r-release-windows-x86_64 | 3.2.0 | 15.00 | 124.00 | 139.00 | NOTE | |
r-oldrel-macos-arm64 | 3.2.0 | 80.00 | OK | |||
r-oldrel-macos-x86_64 | 3.2.0 | 123.00 | OK | |||
r-oldrel-windows-x86_64 | 3.2.0 | 19.00 | 158.00 | 177.00 | OK |
Version: 3.2.0
Check: CRAN incoming feasibility
Result: NOTE
Maintainer: ‘Stéphane Laurent <laurent_step@outlook.fr>’
No Authors@R field in DESCRIPTION.
Please add one, modifying
Authors@R: person(given = "Stéphane",
family = "Laurent",
role = c("aut", "cre"),
email = "laurent_step@outlook.fr")
as necessary.
Flavors: r-devel-linux-x86_64-debian-clang, r-devel-linux-x86_64-debian-gcc
Version: 3.2.0
Check: DESCRIPTION meta-information
Result: NOTE
Missing dependency on R >= 4.1.0 because package code uses the pipe
|> or function shorthand \(...) syntax added in R 4.1.0.
File(s) using such syntax:
‘kantorovich_ompr.R’
Flavors: r-devel-linux-x86_64-debian-clang, r-devel-linux-x86_64-debian-gcc, r-devel-linux-x86_64-fedora-clang, r-devel-linux-x86_64-fedora-gcc, r-devel-windows-x86_64, r-patched-linux-x86_64, r-release-linux-x86_64, r-release-macos-arm64, r-release-macos-x86_64, r-release-windows-x86_64