CRAN Package Check Results for Package josaplay

Last updated on 2025-07-25 16:49:48 CEST.

Flavor Version Tinstall Tcheck Ttotal Status Flags
r-devel-linux-x86_64-debian-clang 0.1.3 1.69 18.30 19.99 OK
r-devel-linux-x86_64-debian-gcc 0.1.3 1.28 15.59 16.87 OK
r-devel-linux-x86_64-fedora-clang 0.1.3 27.74 OK
r-devel-linux-x86_64-fedora-gcc 0.1.3 28.72 OK
r-devel-windows-x86_64 0.1.3 3.00 44.00 47.00 OK
r-patched-linux-x86_64 0.1.3 1.39 16.02 17.41 OK
r-release-linux-x86_64 0.1.3 1.65 16.24 17.89 OK
r-release-macos-arm64 0.1.3 15.00 OK
r-release-macos-x86_64 0.1.3 22.00 OK
r-release-windows-x86_64 0.1.3 3.00 40.00 43.00 OK
r-oldrel-macos-arm64 0.1.3 15.00 NOTE
r-oldrel-macos-x86_64 0.1.3 25.00 NOTE
r-oldrel-windows-x86_64 0.1.3 2.00 41.00 43.00 NOTE

Check Details

Version: 0.1.3
Check: LazyData
Result: NOTE 'LazyData' is specified without a 'data' directory Flavors: r-oldrel-macos-arm64, r-oldrel-macos-x86_64, r-oldrel-windows-x86_64