Last updated on 2025-05-10 16:52:26 CEST.
Flavor | Version | Tinstall | Tcheck | Ttotal | Status | Flags |
---|---|---|---|---|---|---|
r-devel-linux-x86_64-debian-clang | 1.1.5 | 200.59 | 51.42 | 252.01 | OK | |
r-devel-linux-x86_64-debian-gcc | 1.1.5 | 150.39 | 38.55 | 188.94 | OK | |
r-devel-linux-x86_64-fedora-clang | 1.1.5 | 571.84 | OK | |||
r-devel-linux-x86_64-fedora-gcc | 1.1.5 | 560.20 | OK | |||
r-devel-windows-x86_64 | 1.1.5 | 258.00 | 165.00 | 423.00 | OK | |
r-patched-linux-x86_64 | 1.1.5 | 213.73 | 48.20 | 261.93 | OK | |
r-release-linux-x86_64 | 1.1.5 | 209.25 | 48.26 | 257.51 | OK | |
r-release-macos-arm64 | 1.1.5 | 118.00 | OK | |||
r-release-macos-x86_64 | 1.1.5 | 125.00 | OK | |||
r-release-windows-x86_64 | 1.1.5 | 257.00 | 167.00 | 424.00 | OK | |
r-oldrel-macos-arm64 | 1.1.5 | 109.00 | NOTE | |||
r-oldrel-macos-x86_64 | 1.1.5 | 103.00 | NOTE | |||
r-oldrel-windows-x86_64 | 1.1.5 | 295.00 | 216.00 | 511.00 | NOTE |
Version: 1.1.5
Check: installed package size
Result: NOTE
installed size is 19.7Mb
sub-directories of 1Mb or more:
art_profiles 1.5Mb
libs 17.3Mb
Flavors: r-oldrel-macos-arm64, r-oldrel-macos-x86_64, r-oldrel-windows-x86_64
Version: 1.1.5
Check: for GNU extensions in Makefiles
Result: NOTE
GNU make is a SystemRequirements.
Flavors: r-oldrel-macos-arm64, r-oldrel-macos-x86_64, r-oldrel-windows-x86_64