Last updated on 2025-05-10 16:52:26 CEST.
Flavor | Version | Tinstall | Tcheck | Ttotal | Status | Flags |
---|---|---|---|---|---|---|
r-devel-linux-x86_64-debian-clang | 0.6.1-4 | 128.53 | 51.46 | 179.99 | OK | |
r-devel-linux-x86_64-debian-gcc | 0.6.1-4 | 107.48 | 39.53 | 147.01 | OK | |
r-devel-linux-x86_64-fedora-clang | 0.6.1-4 | 289.34 | OK | |||
r-devel-linux-x86_64-fedora-gcc | 0.6.1-4 | 448.16 | OK | |||
r-devel-windows-x86_64 | 0.6.1-4 | 118.00 | 91.00 | 209.00 | OK | |
r-patched-linux-x86_64 | 0.6.1-4 | 151.04 | 50.08 | 201.12 | OK | |
r-release-linux-x86_64 | 0.6.1-4 | 147.89 | 49.57 | 197.46 | OK | |
r-release-macos-arm64 | 0.6.1-4 | 74.00 | OK | |||
r-release-macos-x86_64 | 0.6.1-4 | 130.00 | OK | |||
r-release-windows-x86_64 | 0.6.1-4 | 118.00 | 93.00 | 211.00 | OK | |
r-oldrel-macos-arm64 | 0.6.1-4 | 70.00 | NOTE | |||
r-oldrel-macos-x86_64 | 0.6.1-4 | 211.00 | NOTE | |||
r-oldrel-windows-x86_64 | 0.6.1-4 | 114.00 | 118.00 | 232.00 | OK |
Version: 0.6.1-4
Check: installed package size
Result: NOTE
installed size is 15.5Mb
sub-directories of 1Mb or more:
doc 1.6Mb
libs 13.6Mb
Flavors: r-oldrel-macos-arm64, r-oldrel-macos-x86_64