Last updated on 2025-05-10 16:52:25 CEST.
Flavor | Version | Tinstall | Tcheck | Ttotal | Status | Flags |
---|---|---|---|---|---|---|
r-devel-linux-x86_64-debian-clang | 0.1-1 | 14.61 | 96.53 | 111.14 | NOTE | |
r-devel-linux-x86_64-debian-gcc | 0.1-1 | 8.23 | 67.36 | 75.59 | NOTE | |
r-devel-linux-x86_64-fedora-clang | 0.1-1 | 168.27 | OK | |||
r-devel-linux-x86_64-fedora-gcc | 0.1-1 | 165.82 | OK | |||
r-devel-windows-x86_64 | 0.1-1 | 13.00 | 96.00 | 109.00 | OK | |
r-patched-linux-x86_64 | 0.1-1 | 13.10 | 90.84 | 103.94 | OK | |
r-release-linux-x86_64 | 0.1-1 | 12.92 | 90.69 | 103.61 | OK | |
r-release-macos-arm64 | 0.1-1 | 47.00 | OK | |||
r-release-macos-x86_64 | 0.1-1 | 90.00 | OK | |||
r-release-windows-x86_64 | 0.1-1 | 16.00 | 100.00 | 116.00 | OK | |
r-oldrel-macos-arm64 | 0.1-1 | 40.00 | OK | |||
r-oldrel-macos-x86_64 | 0.1-1 | 68.00 | OK | |||
r-oldrel-windows-x86_64 | 0.1-1 | 19.00 | 122.00 | 141.00 | OK |
Version: 0.1-1
Check: CRAN incoming feasibility
Result: NOTE
Maintainer: ‘Bjorn Andersson <bjoern.h.andersson@gmail.com>’
No Authors@R field in DESCRIPTION.
Please add one, modifying
Authors@R: person(given = "Bjorn",
family = "Andersson",
role = c("aut", "cre"),
email = "bjoern.h.andersson@gmail.com")
as necessary.
Flavors: r-devel-linux-x86_64-debian-clang, r-devel-linux-x86_64-debian-gcc