CRAN Package Check Results for Package ioncopy

Last updated on 2025-07-28 16:50:01 CEST.

Flavor Version Tinstall Tcheck Ttotal Status Flags
r-devel-linux-x86_64-debian-clang 2.2.2 2.22 24.92 27.14 NOTE
r-devel-linux-x86_64-debian-gcc 2.2.2 1.77 19.51 21.28 NOTE
r-devel-linux-x86_64-fedora-clang 2.2.2 42.16 OK
r-devel-linux-x86_64-fedora-gcc 2.2.2 38.49 OK
r-devel-windows-x86_64 2.2.2 6.00 55.00 61.00 OK
r-patched-linux-x86_64 2.2.2 2.63 23.81 26.44 OK
r-release-linux-x86_64 2.2.2 2.06 23.32 25.38 OK
r-release-macos-arm64 2.2.2 22.00 OK
r-release-macos-x86_64 2.2.2 32.00 OK
r-release-windows-x86_64 2.2.2 4.00 46.00 50.00 OK
r-oldrel-macos-arm64 2.2.2 17.00 OK
r-oldrel-macos-x86_64 2.2.2 25.00 OK
r-oldrel-windows-x86_64 2.2.2 5.00 51.00 56.00 OK

Check Details

Version: 2.2.2
Check: CRAN incoming feasibility
Result: NOTE Maintainer: ‘Jan Budczies <jan.budczies@med.uni-heidelberg.de>’ No Authors@R field in DESCRIPTION. Please add one, modifying Authors@R: c(person(given = "Jan", family = "Budczies", role = c("aut", "cre"), email = "jan.budczies@med.uni-heidelberg.de"), person(given = "Eva", family = "Romanovsky", role = "aut")) as necessary. Flavors: r-devel-linux-x86_64-debian-clang, r-devel-linux-x86_64-debian-gcc