Last updated on 2025-07-27 01:48:24 CEST.
Flavor | Version | Tinstall | Tcheck | Ttotal | Status | Flags |
---|---|---|---|---|---|---|
r-devel-linux-x86_64-debian-clang | 1.1-6 | 7.08 | 63.90 | 70.98 | NOTE | |
r-devel-linux-x86_64-debian-gcc | 1.1-6 | 4.58 | 44.59 | 49.17 | NOTE | |
r-devel-linux-x86_64-fedora-clang | 1.1-6 | 101.91 | OK | |||
r-devel-linux-x86_64-fedora-gcc | 1.1-6 | 98.60 | OK | |||
r-devel-windows-x86_64 | 1.1-6 | 7.00 | 86.00 | 93.00 | OK | |
r-patched-linux-x86_64 | 1.1-6 | 6.76 | 59.45 | 66.21 | OK | |
r-release-linux-x86_64 | 1.1-6 | 6.08 | 59.13 | 65.21 | OK | |
r-release-macos-arm64 | 1.1-6 | 41.00 | OK | |||
r-release-macos-x86_64 | 1.1-6 | 60.00 | OK | |||
r-release-windows-x86_64 | 1.1-6 | 8.00 | 82.00 | 90.00 | OK | |
r-oldrel-macos-arm64 | 1.1-6 | 33.00 | OK | |||
r-oldrel-macos-x86_64 | 1.1-6 | 50.00 | OK | |||
r-oldrel-windows-x86_64 | 1.1-6 | 10.00 | 96.00 | 106.00 | OK |
Version: 1.1-6
Check: CRAN incoming feasibility
Result: NOTE
Maintainer: ‘Boris Leroy <leroy.boris@gmail.com>’
No Authors@R field in DESCRIPTION.
Please add one, modifying
Authors@R: c(person(given = "Boris",
family = "Leroy",
role = c("cre", "aut"),
email = "leroy.boris@gmail.com"),
person(given = "Andrew",
family = "Kramer",
role = "aut"),
person(given = "Anne-Charlotte",
family = "Vaissière",
role = "ctb"),
person(given = "Christophe",
family = "Diagne",
role = "ctb"))
as necessary.
Flavors: r-devel-linux-x86_64-debian-clang, r-devel-linux-x86_64-debian-gcc