Last updated on 2025-05-10 20:49:43 CEST.
Flavor | Version | Tinstall | Tcheck | Ttotal | Status | Flags |
---|---|---|---|---|---|---|
r-devel-linux-x86_64-debian-clang | 1.1-6 | 7.15 | 62.54 | 69.69 | NOTE | |
r-devel-linux-x86_64-debian-gcc | 1.1-6 | 4.82 | 46.47 | 51.29 | NOTE | |
r-devel-linux-x86_64-fedora-clang | 1.1-6 | 96.90 | OK | |||
r-devel-linux-x86_64-fedora-gcc | 1.1-6 | 102.82 | OK | |||
r-devel-windows-x86_64 | 1.1-6 | 8.00 | 74.00 | 82.00 | OK | |
r-patched-linux-x86_64 | 1.1-6 | 6.35 | 59.20 | 65.55 | OK | |
r-release-linux-x86_64 | 1.1-6 | 6.68 | 58.71 | 65.39 | OK | |
r-release-macos-arm64 | 1.1-6 | 41.00 | OK | |||
r-release-macos-x86_64 | 1.1-6 | 60.00 | OK | |||
r-release-windows-x86_64 | 1.1-6 | 8.00 | 75.00 | 83.00 | OK | |
r-oldrel-macos-arm64 | 1.1-6 | 33.00 | OK | |||
r-oldrel-macos-x86_64 | 1.1-6 | 50.00 | OK | |||
r-oldrel-windows-x86_64 | 1.1-6 | 9.00 | 94.00 | 103.00 | OK |
Version: 1.1-6
Check: CRAN incoming feasibility
Result: NOTE
Maintainer: ‘Boris Leroy <leroy.boris@gmail.com>’
No Authors@R field in DESCRIPTION.
Please add one, modifying
Authors@R: c(person(given = "Boris",
family = "Leroy",
role = c("cre", "aut"),
email = "leroy.boris@gmail.com"),
person(given = "Andrew",
family = "Kramer",
role = "aut"),
person(given = "Anne-Charlotte",
family = "Vaissière",
role = "ctb"),
person(given = "Christophe",
family = "Diagne",
role = "ctb"))
as necessary.
Flavors: r-devel-linux-x86_64-debian-clang, r-devel-linux-x86_64-debian-gcc