Last updated on 2025-07-28 04:50:07 CEST.
Flavor | Version | Tinstall | Tcheck | Ttotal | Status | Flags |
---|---|---|---|---|---|---|
r-devel-linux-x86_64-debian-clang | 2.1.0 | 163.84 | 244.95 | 408.79 | OK | |
r-devel-linux-x86_64-debian-gcc | 2.1.0 | 115.46 | 207.09 | 322.55 | OK | |
r-devel-linux-x86_64-fedora-clang | 2.1.0 | 699.63 | OK | |||
r-devel-linux-x86_64-fedora-gcc | 2.1.0 | 684.41 | OK | |||
r-devel-windows-x86_64 | 2.1.0 | 174.00 | 303.00 | 477.00 | OK | |
r-patched-linux-x86_64 | 2.1.0 | 159.12 | 318.55 | 477.67 | OK | |
r-release-linux-x86_64 | 2.1.0 | 159.60 | 323.62 | 483.22 | OK | |
r-release-macos-arm64 | 2.1.0 | 260.00 | OK | |||
r-release-macos-x86_64 | 2.1.0 | 466.00 | OK | |||
r-release-windows-x86_64 | 2.1.0 | 172.00 | 292.00 | 464.00 | OK | |
r-oldrel-macos-arm64 | 2.1.0 | 241.00 | NOTE | |||
r-oldrel-macos-x86_64 | 2.1.0 | 323.00 | NOTE | |||
r-oldrel-windows-x86_64 | 2.1.0 | 203.00 | 426.00 | 629.00 | OK |
Version: 2.1.0
Check: installed package size
Result: NOTE
installed size is 9.9Mb
sub-directories of 1Mb or more:
libs 9.6Mb
Flavors: r-oldrel-macos-arm64, r-oldrel-macos-x86_64