Last updated on 2025-05-10 08:50:40 CEST.
Flavor | Version | Tinstall | Tcheck | Ttotal | Status | Flags |
---|---|---|---|---|---|---|
r-devel-linux-x86_64-debian-clang | 0.8.0 | 15.63 | 123.89 | 139.52 | OK | |
r-devel-linux-x86_64-debian-gcc | 0.8.0 | 10.90 | 89.95 | 100.85 | OK | |
r-devel-linux-x86_64-fedora-clang | 0.8.0 | 199.24 | OK | |||
r-devel-linux-x86_64-fedora-gcc | 0.8.0 | 207.70 | OK | |||
r-devel-windows-x86_64 | 0.8.0 | 18.00 | 124.00 | 142.00 | OK | |
r-patched-linux-x86_64 | 0.8.0 | 15.20 | 101.87 | 117.07 | OK | |
r-release-linux-x86_64 | 0.8.0 | 15.49 | 100.91 | 116.40 | OK | |
r-release-macos-arm64 | 0.8.0 | 66.00 | OK | |||
r-release-macos-x86_64 | 0.8.0 | 132.00 | OK | |||
r-release-windows-x86_64 | 0.8.0 | 17.00 | 123.00 | 140.00 | OK | |
r-oldrel-macos-arm64 | 0.8.0 | 61.00 | NOTE | |||
r-oldrel-macos-x86_64 | 0.8.0 | 121.00 | NOTE | |||
r-oldrel-windows-x86_64 | 0.8.0 | 20.00 | 180.00 | 200.00 | NOTE |
Version: 0.8.0
Check: LazyData
Result: NOTE
'LazyData' is specified without a 'data' directory
Flavors: r-oldrel-macos-arm64, r-oldrel-macos-x86_64, r-oldrel-windows-x86_64