Last updated on 2024-05-08 00:49:49 CEST.
Flavor | Version | Tinstall | Tcheck | Ttotal | Status | Flags |
---|---|---|---|---|---|---|
r-devel-linux-x86_64-debian-clang | 1.1-1.0 | 10.61 | 100.46 | 111.07 | NOTE | |
r-devel-linux-x86_64-debian-gcc | 1.1-1.0 | 8.45 | 74.14 | 82.59 | NOTE | |
r-devel-linux-x86_64-fedora-clang | 1.1-1.0 | 142.45 | NOTE | |||
r-devel-linux-x86_64-fedora-gcc | 1.1-1.0 | 198.19 | NOTE | |||
r-devel-windows-x86_64 | 1.1-1.0 | 9.00 | 109.00 | 118.00 | NOTE | |
r-patched-linux-x86_64 | 1.1-1.0 | 11.42 | 93.14 | 104.56 | NOTE | |
r-release-linux-x86_64 | 1.1-1.0 | 9.63 | 94.87 | 104.50 | NOTE | |
r-release-macos-arm64 | 1.1-1.0 | 44.00 | NOTE | |||
r-release-macos-x86_64 | 1.1-1.0 | 98.00 | OK | |||
r-release-windows-x86_64 | 1.1-1.0 | 8.00 | 109.00 | 117.00 | NOTE | |
r-oldrel-macos-arm64 | 1.1-1.0 | 51.00 | OK | |||
r-oldrel-macos-x86_64 | 1.1-1.0 | 131.00 | OK | |||
r-oldrel-windows-x86_64 | 1.1-1.0 | 11.00 | 118.00 | 129.00 | OK |
Version: 1.1-1.0
Check: Rd files
Result: NOTE
checkRd: (-1) interval-internal.Rd:40: Lost braces
40 | \item{dqfunc}{function, density of the results of the quantile function, e.g., function(x){dnorm(qnorm(x))} (used for 'general' scores,
| ^
Flavors: r-devel-linux-x86_64-debian-clang, r-devel-linux-x86_64-debian-gcc, r-devel-linux-x86_64-fedora-clang, r-devel-linux-x86_64-fedora-gcc, r-devel-windows-x86_64, r-patched-linux-x86_64, r-release-linux-x86_64, r-release-macos-arm64, r-release-windows-x86_64