Last updated on 2025-07-25 16:49:48 CEST.
Flavor | Version | Tinstall | Tcheck | Ttotal | Status | Flags |
---|---|---|---|---|---|---|
r-devel-linux-x86_64-debian-clang | 0.1.34 | 83.82 | 23.35 | 107.17 | OK | |
r-devel-linux-x86_64-debian-gcc | 0.1.34 | 70.05 | 19.36 | 89.41 | OK | |
r-devel-linux-x86_64-fedora-clang | 0.1.34 | 223.45 | OK | |||
r-devel-linux-x86_64-fedora-gcc | 0.1.34 | 216.93 | OK | |||
r-devel-windows-x86_64 | 0.1.34 | 104.00 | 48.00 | 152.00 | OK | |
r-patched-linux-x86_64 | 0.1.34 | 96.17 | 23.70 | 119.87 | OK | |
r-release-linux-x86_64 | 0.1.34 | 96.09 | 23.62 | 119.71 | OK | |
r-release-macos-arm64 | 0.1.34 | 48.00 | OK | |||
r-release-macos-x86_64 | 0.1.34 | 64.00 | OK | |||
r-release-windows-x86_64 | 0.1.34 | 105.00 | 54.00 | 159.00 | OK | |
r-oldrel-macos-arm64 | 0.1.34 | 56.00 | NOTE | |||
r-oldrel-macos-x86_64 | 0.1.34 | 69.00 | NOTE | |||
r-oldrel-windows-x86_64 | 0.1.34 | 106.00 | 49.00 | 155.00 | OK |
Version: 0.1.34
Check: installed package size
Result: NOTE
installed size is 7.2Mb
sub-directories of 1Mb or more:
libs 7.1Mb
Flavors: r-oldrel-macos-arm64, r-oldrel-macos-x86_64