Last updated on 2025-07-21 04:49:48 CEST.
Flavor | Version | Tinstall | Tcheck | Ttotal | Status | Flags |
---|---|---|---|---|---|---|
r-devel-linux-x86_64-debian-clang | 1.1-6 | 179.82 | 187.58 | 367.40 | OK | |
r-devel-linux-x86_64-debian-gcc | 1.1-6 | 110.38 | 127.68 | 238.06 | OK | |
r-devel-linux-x86_64-fedora-clang | 1.1-6 | 514.36 | OK | |||
r-devel-linux-x86_64-fedora-gcc | 1.1-6 | 583.35 | OK | |||
r-devel-windows-x86_64 | 1.1-6 | 131.00 | 280.00 | 411.00 | OK | |
r-patched-linux-x86_64 | 1.1-6 | 149.65 | 190.18 | 339.83 | OK | |
r-release-linux-x86_64 | 1.1-6 | 144.31 | 189.68 | 333.99 | OK | |
r-release-macos-arm64 | 1.1-6 | 164.00 | OK | |||
r-release-macos-x86_64 | 1.1-6 | 279.00 | OK | |||
r-release-windows-x86_64 | 1.1-6 | 134.00 | 280.00 | 414.00 | OK | |
r-oldrel-macos-arm64 | 1.1-6 | 178.00 | NOTE | |||
r-oldrel-macos-x86_64 | 1.1-6 | 199.00 | NOTE | |||
r-oldrel-windows-x86_64 | 1.1-6 | 162.00 | 335.00 | 497.00 | OK |
Version: 1.1-6
Check: installed package size
Result: NOTE
installed size is 39.5Mb
sub-directories of 1Mb or more:
doc 1.1Mb
libs 38.1Mb
Flavors: r-oldrel-macos-arm64, r-oldrel-macos-x86_64